 -18))?
2
19 - 12 - (-2 + 14)
-5
What is the value of 12 + (-14 - (-9 - 4))?
11
What is the value of -7 - (-10 + -5 + 0)?
8
Calculate 1 + -2 - (137 + -142).
4
Calculate 0 - 3 - -10 - 3.
4
Evaluate 8 + (-5 - (-4 + 3)).
4
What is the value of 0 + 2 + (-18 - -17)?
1
Calculate (1 - -4) + -5 - 1.
-1
Evaluate (-16 - -9) + -5 + 13.
1
Evaluate (-52 + 42 - (-3 + 0)) + -1.
-8
What is the value of -2 + (-4 - 0) + 3?
-3
Evaluate 8 + -8 + 5 + -3.
2
What is the value of (13 - 1) + 169 + -183?
-2
Evaluate -5 + 0 + 2 + -1.
-4
Evaluate (-2 - -8) + -6 - -3.
3
1 - 3 - (6 - (11 - -5))
8
-3 + 6 + (1 - 3)
1
37 - 38 - (6 + -2)
-5
What is the value of 8 - 1 - (3 - -1 - 0)?
3
What is -1 + 1 - 3 - (54 + -58)?
1
(-1 + -5 + 0 - 0) + 4
-2
Evaluate 5 - (10 - (0 - -4)).
-1
What is -4 + ((1 - 2) + 4 - 3)?
-4
What is the value of -9 - -11 - (-5 - (-2 - 0))?
5
-2 - (2 - -2) - -2
-4
Evaluate -8 + 4 + 6 - -3.
5
-7 - (1 + 0 + -6 + 0)
-2
Evaluate (-1 + -2 - 1) + 5.
1
Calculate (7 - 6) + -3 + 2.
0
What is (-3 - -9) + -1 + (-2 - 5)?
-2
Calculate -6 - (10 - 11 - 2).
-3
Evaluate -15 + -1 + 155 + -143.
-4
What is -104 + 104 + -1 + -1?
-2
Calculate (1 - (7 + 2)) + 4 - 1.
-5
Evaluate 4 - 1 - (-5 - (2 + -7)).
3
(1 - -2) + (2 - 3)
2
Evaluate (-3 - (-8 - -4)) + 2.
3
Evaluate 3 + (3 - 10) + 5.
1
1 - (-4 - -7 - (0 - 0))
-2
-4 - -11 - (3 - 6)
10
What is -6 + (3 - (6 - 13))?
4
What is 6 - 1 - (5 + 2)?
-2
-19 + 20 + -19 + (1 - -7)
-10
(-6 - (4 - 5)) + 1 + 1
-3
Evaluate (0 - 0) + (-21 - -24) + -11.
-8
Evaluate -4 - (7 - 3 - 3).
-5
Calculate 5 + -6 + -2 - (0 + 0).
-3
What is the value of -3 + 3 + 2 - (0 - 0)?
2
What is the value of -2 + 3 - -1 - (4 + -1)?
-1
Evaluate 7 - ((-11 + 7 - -4) + 15).
-8
What is (0 - -4 - (8 + -2)) + 2?
0
-2 - (9 - 12) - 8
-7
-2 - (-7 + 8) - (-2 + -1)
0
What is the value of -4 - 3 - (-4 - (-5 - -8))?
0
3 - (3 - 1) - (1 + -4)
4
Calculate 2 + 1 + (-13 - -6).
-4
What is -1 + (5 - (-12 + 11))?
5
What is the value of (-4 + 2 - -3 - 4) + 1?
-2
What is the value of (3 - ((1 - 1) + 4)) + 3?
2
Calculate (-1 - -6) + (-5 - 1).
-1
Evaluate 9 + -4 + (-5 - 1).
-1
-1 + -2 + 1 - (-48 - -45)
1
(-1 - 0) + -9 + 7 + -1
-4
(-3 - 3) + 8 + 2
4
What is the value of 3 - -3 - 7 - (5 + -1)?
-5
What is the value of -3 + (3 + (-6 - -3) - -2)?
-1
What is 7 + -5 + -2 + 6?
6
What is (26 - 36) + (6 - 0) + 1?
-3
Evaluate 5 - ((9 - -2) + -12).
6
Calculate -1 + 2 + 8 + -4 - 5.
0
(-8 - (-7 - (-6 - -5))) + -1
-3
What is (1 - (0 + 1)) + 47 + -51?
-4
Calculate 13 - (3 + 10) - 7.
-7
What is 5 + -12 + 2 - -2 - 0?
-3
Calculate 1 + -10 - -1 - -1.
-7
Calculate (11 - 16) + (9 - 0).
4
2 + (13 + -8 - 2) - 7
-2
Evaluate -11 - (-1 + (10 - 13)).
-7
Calculate 8 - (-4 - (-12 - -5)).
5
What is 1 + 0 - (-55 - -52)?
4
Calculate -3 + 14 + -4 + -3.
4
Evaluate (-30 + 23 - -1) + -1 + 12.
5
Evaluate 6 + -6 + (3 - 1).
2
What is 0 + 10 - 6 - (4 + 0)?
0
What is the value of (17 - 9) + -3 + 1?
6
Evaluate -7 + (1 - -2) + 1 + -1.
-4
Evaluate (1 - -1) + -1 + -3 + -1.
-3
Calculate -1 - (7 - (-1 - -7)).
-2
-4 - -11 - 5 - (-6 - -1)
7
What is the value of (15 - (27 - 5)) + 1 + -1?
-7
What is 4 + 0 - (0 + 4 + -3)?
3
What is -10 - -6 - (-3 + (-1 - -3))?
-3
Evaluate -1 + -1 + 12 + -9.
1
Evaluate -1 + -3 + -9 + 14.
1
What is -3 + 2 + 4 + 1?
4
Evaluate -11 + 15 + -5 - (-1 - -4).
-4
Evaluate (-6 - -1) + -11 + (-11 - -24).
-3
Evaluate (12 - (2 + -2 - -7)) + -15.
-10
-2 + (-11 + 7 - -5)
-1
-1 + (-7 - (-6 - 2))
0
Evaluate -1 + -2 - ((-6 - -3) + -3).
3
(-1 - -2) + -1 - (99 - 96)
-3
Calculate 8 + -5 + (-1 - -2).
4
(2 - 4) + 0 + -1
-3
What is 9 + -10 - (-1 - (4 - 2))?
2
Calculate -8 + 2 + 9 + -5 + 10.
8
-7 + 10 - -1 - (0 - 3)
7
What is -4 - (-2 + (2 - 0))?
-4
What is the value of -2 - (-1 + (4 - (-2 - -10)))?
3
What is the value of (12 - 5 - 13) + 8?
2
Evaluate 0 + 6 + (-3 - -2 - 0).
5
What is 6 + -4 + 3 + 0?
5
Evaluate 1 + (7 - 7) + 4.
5
What is 8 - (-5 + (-2 - (0 - 17)))?
-2
Evaluate -4 + 6 + -2 + (2 - 5).
-3
What is (8 - 0) + -8 + -9 + 0?
-9
0 - (-3 - -3) - (0 + -4)
4
Calculate 1 - 1 - (2 - (5 - 8)).
-5
1 + 7 - (3 - -3 - 2)
4
2 + (-4 + -1 - -5)
2
Evaluate 1 + (-4 - (-5 - -1)) - 1.
0
Calculate -5 + -9 + -11 + 15.
-10
Evaluate -1 - 2 - (1 - 0).
-4
What is (-3 - -6) + 0 + -7?
-4
What is 2 + (-4 - (9 - 9))?
-2
Calculate -1 + 4 + (2 - 2).
3
What is (-8 - -1) + -7 + 13?
-1
-13 - (7 + (-22 - -10))
-8
What is the value of -1 + 0 + 3 + -7?
-5
What is the value of -2 + 1 + 4 + -5?
-2
What is 3 - (2 - 3 - (-15 + 10))?
-1
Evaluate -1 - 1 - (1 - 5).
2
What is the value of 5 - ((-1 - -8) + 8 + -10)?
0
Calculate 1 - (2 - (-3 + 1 + -2)).
-5
What is 3 + -3 + -3 + 0?
-3
Calculate -2 + -5 - -12 - (-1 - 0).
6
-13 + 6 + 6 + -2 + 0
-3
Evaluate 4 + 1 + -3 + -7.
-5
What is 9 + -12 + 11 - 6?
2
What is 0 - (4 - 0) - -1 - -8?
5
-8 - ((56 - 54) + (-15 - 1))
6
4 - (-3 + -4 - -14)
-3
Evaluate -2 + 0 + 3 - (-4 - -4).
1
What is -10 - -1 - (33 - 39)?
-3
(-9 - 1) + 2 - -9
1
What is the value of 4 - ((6 - 5) + 6)?
-3
(0 - -4) + -1 + 2 - 0
5
Evaluate 3 - ((-10 - -10) + 11).
-8
What is -1 - 2 - 2 - -4?
-1
1 - ((1 - (4 + -1)) + 1)
2
Calculate 2 - 0 - 4 - (0 + 3).
-5
What is the value of 11 + (-13 - (-14 - -2))?
10
What is the value of 13 + -10 + (0 - -2) - -3?
8
(45 - 43) + -2 + 4
4
What is the value of -2 - (5 + (-6 - -3))?
-4
What is the value of (-12 + -4 - -13) + (0 - 0)?
-3
17 - (8 + 4 + 2)
3
Evaluate -1 - ((9 - 4) + -3) - -4.
1
Calculate 0 - (-1 + (10 - 4)).
-5
-2 - (-7 + 1) - -2
6
-14 + 1 + 6 - -11
4
-4 - (6 - (3 - 0) - 1)
-6
What is 7 + (4 - 6) + 1?
6
What is the value of 1 - (1 - (7 + (-3 - 1)))?
3
Calculate 1 + (0 - -2) + -7 + 0.
-4
What is 4 + (8 - 9) + -8?
-5
What is -5 + 2 + -16 + 26?
7
What is -3 - ((-1 - 1) + -9 + 8)?
0
What is -4 + 4 + -11 + 4 - -2?
-5
Evaluate 1 + (3 - 0) + (18 - 17).
5
Calculate (-2 - 0 - (2 - 4)) + -7.
-7
What is 14 + -5 + -1 - (2 - 3)?
9
What is 0 - (7 - 6) - 3?
-4
-4 - ((-7 - -10) + -11 + 2)
2
What is 17 - 13 - (5 - 3)?
2
1 - -2 - (6 - 6)
3
What is -6 + 1 + 4 + 2 - 6?
-5
What is the value of -14 + 5 + (1 - -5)?
-3
Calculate (0 - -5) + -1 - 2.
2
Evaluate (5 - 2) + 1 + 4 + -10.
-2
Calculate 3 + 2 - 6 - -3.
2
What is 1 + -2 + 2 - (0 + 2)?
-1
What is the value of (5 - 11) + 4 - -8 - 2?
4
Calculate 26 - 26 - ((-4 - 0) + 1).
3
What is the value of 6 + (-10 - (-8 + 4))?
0
What is the value of 13 - (2 - 0) - 11?
0
What is 11 + -2 + -6 - -2?
5
(-3 - -5) + 3 + -2 - -2
5
(-21 - -25) + -2 + 3
5
Calculate (-1 - (6 + 2)) + 3.
-6
What is 4 - (3 + (-6 - (-2 - 1)))?
4
3 + -6 - (-4 + -2)
3
What is the value of (31 - 28) + 1 + 3?
7
What is the value of -4 + 4 - (1 - (1 - -5))?
5
What is 4 + -9 + 4 + -1?
-2
21 + -10 + -15 + 8
4
Calculate (2 - 3) + -3 + (1 - -8).
5
Evaluate (0 - 0 - (8 - 6)) + 6.
4
3 + (7 - 2 - 7)
1
(-11 - (-5 + -9)) + 7
10
What is -6 + 4 + -2 - (29 + -33)?
0
What is 1 - (-5 - (-3 - 2))?
1
Evaluate 4 - (3 + 0 + -1).
2
-5 + (5 - 3) - 0
-3
-5 + (0 - -5) + 4
4
9 - (9 + -1) - (-1 + -3)
5
What is -2 - (1 + -2) - (48 - 52)?
3
What is -6 + (4 - 2) + 7?
3
-16 + 7 + (8 - 2)
-3
What is 4 - (5 + -1 + -5) - 0?
5
(1 - 0) + (4 - (14 - 4))
-5
Calculate -9 + (-4 + 12 - (-2 + 6)).
-5
Calculate (3 - -1) + -10 + 6 + 6.
6
What is the value of -9 + (-14 - -13) + 11?
1
Calculate -2 - (-6 + 4 - 3).
3
What is -2 - (-10 + 12 + -4)?
0
What is the value of 0 - 12 - (110 + -123)?
1
Calculate 3 - (-5 - (-9 - -6)).
5
(-5 - -5) + -1 - -1
0
0 + (-6 - 3) + 6
-3
-1 + (11 - 16) + 4 + 3
1
2 + (-7 - -1) + -1
-5
(-4 + -3 - 0) + (0 - -10)
3
-5 + 6 + -8 + 3 - -2
-2
Evaluate 6 - (0 - (-7 + 6)).
5
(0 - 3) + -1 + -1
-5
Calculate -7 - (15 + -7 - 11).
-4
What is 6 + 1 - (11 + 11 + -16)?
1
What is the value of 5 - (4 + -6 + 5)?
2
What is the value of -5 + (11 - (20 - 12))?
-2
Calculate 1 + (-1 - (-9 - -3)).
6
What is (-11 - -18 - -4) + -19?
-8
Evaluate -2 - 0 - (-23 + 24).
-3
-10 - (-20 + (11 - 1))
0
Evaluate -4 - -2 - (-1 - 3).
2
Calculate 3 - (-11 + (9 - -1)).
4
Evaluate -7 - (-4 + -7) - 3.
1
(4 - 7 - -1) + 0
-2
-11 + -3 + (-3 - -10) + 4
-3
Evaluate (1 - (-1 - -4)) + 3.
1
2 + -4 - (-5 + (-8 - -11))
0
What is the value of 4 - ((5 - 8) + -2 + 3)?
6
Calculate -1 + (0 + -5 - -4).
-2
((-1 - -3) + 1 - 8) + 4
-1
((-1 - -3) + 3 - 2) + 2
5
Calculate 2 - 3 - (1 + 0) - 0.
-2
Evaluate (-3 - (0 - (8 + -4))) + 2.
3
(0 + -1 + -3 - -1) + -2
-5
Calculate -1 + (1 - (6 - 9)) + -1.
2
What is the value of 1 - 3 - 